{"id":54,"date":"2022-01-21T14:29:19","date_gmt":"2022-01-21T13:29:19","guid":{"rendered":"http:\/\/www.ee.pw.edu.pl\/bke100\/?page_id=54"},"modified":"2022-05-30T11:02:45","modified_gmt":"2022-05-30T09:02:45","slug":"rejestracja","status":"publish","type":"page","link":"https:\/\/www.ee.pw.edu.pl\/bke100\/rejestracja\/","title":{"rendered":"Rejestracja"},"content":{"rendered":"<p>[vc_row][vc_column][vc_column_text]<\/p>\r\n<p>Szanowni Pa\u0144stwo,<\/p>\r\n\r\n<p>serdecznie zapraszamy do rejestracji uczestnictwa w wyj\u0105tkowej konferencji <em><strong>&#8220;100 lat Bada\u0144 i Kszta\u0142cenia w Elektrotechnice&#8221;<\/strong><\/em> <em>(6-7.06.2022)<\/em>, organizowanej z okazji stulecia dzia\u0142alno\u015bci Wydzia\u0142u Elektrycznego Politechniki Warszawskiej. Konferencja odb\u0119dzie si\u0119 6 i 7 czerwca 2022 w Centrum Zarz\u0105dzania Innowacjami i Transferem Technologii PW przy ul. Rektorskiej 4 w Warszawie. Udzia\u0142 w Konferencji jest bezp\u0142atny. Pierwszego dnia konferencji w godz. 18:00-22:00 odb\u0119dzie si\u0119 r\u00f3wnie\u017c uroczysty bankiet w Auli Wydzia\u0142u Fizyki. Koszt udzia\u0142u w bankiecie 100 z\u0142 od osoby.<\/p>\r\n\r\n<p>Formularz deklaracji uczestnictwa w wydarzeniu znajd\u0105 Pa\u0144stwo poni\u017cej:<\/p>\r\n\r\n\r\n\r\n<p class=\"has-very-dark-grey-color has-text-color has-background\" style=\"background-color: #ffa153;\"><a style=\"color: #717171;\" href=\"https:\/\/forms.office.com\/r\/zDPCc1EVFD\" target=\"_blank\" rel=\"noreferrer noopener\" data-type=\"URL\" data-id=\"https:\/\/forms.office.com\/r\/zDPCc1EVFD\"><strong>Formularz deklaracji uczestnictwa w konferencji &#8220;100 lat Bada\u0144 i Kszta\u0142cenia w Elektrotechnice&#8221;.<\/strong><\/a><\/p>\r\n\r\n\r\n\r\n<p>Aby wzi\u0105\u0107 udzia\u0142 w uroczystym bankiecie 6 czerwca w Auli Gmachu Fizyki, prosimy o wp\u0142at\u0119 (100 z\u0142 \/ 1 osoba) na konto Fundacji Politechniki Warszawskiej: <strong>33 1240 6003 1111 0010 6526 7849<\/strong> Bank PEKAO S.A.<br>W tytule przelewu prosimy wpisa\u0107 : imi\u0119 i nazwisko, BKE100<\/p>\r\n<p>[\/vc_column_text][\/vc_column][\/vc_row]<\/p>","protected":false},"excerpt":{"rendered":"<p>[vc_row][vc_column][vc_column_text] Szanowni Pa\u0144stwo, serdecznie zapraszamy do rejestracji uczestnictwa w wyj\u0105tkowej konferencji &#8220;100 lat Bada\u0144 i Kszta\u0142cenia w Elektrotechnice&#8221; (6-7.06.2022), organizowanej&hellip;<\/p>\n","protected":false},"author":15,"featured_media":0,"parent":0,"menu_order":0,"comment_status":"closed","ping_status":"closed","template":"","meta":{"inline_featured_image":false,"_monsterinsights_skip_tracking":false,"_monsterinsights_sitenote_active":false,"_monsterinsights_sitenote_note":"","_monsterinsights_sitenote_category":0,"ngg_post_thumbnail":0,"footnotes":""},"class_list":["post-54","page","type-page","status-publish","hentry"],"_links":{"self":[{"href":"https:\/\/www.ee.pw.edu.pl\/bke100\/wp-json\/wp\/v2\/pages\/54","targetHints":{"allow":["GET"]}}],"collection":[{"href":"https:\/\/www.ee.pw.edu.pl\/bke100\/wp-json\/wp\/v2\/pages"}],"about":[{"href":"https:\/\/www.ee.pw.edu.pl\/bke100\/wp-json\/wp\/v2\/types\/page"}],"author":[{"embeddable":true,"href":"https:\/\/www.ee.pw.edu.pl\/bke100\/wp-json\/wp\/v2\/users\/15"}],"replies":[{"embeddable":true,"href":"https:\/\/www.ee.pw.edu.pl\/bke100\/wp-json\/wp\/v2\/comments?post=54"}],"version-history":[{"count":10,"href":"https:\/\/www.ee.pw.edu.pl\/bke100\/wp-json\/wp\/v2\/pages\/54\/revisions"}],"predecessor-version":[{"id":233,"href":"https:\/\/www.ee.pw.edu.pl\/bke100\/wp-json\/wp\/v2\/pages\/54\/revisions\/233"}],"wp:attachment":[{"href":"https:\/\/www.ee.pw.edu.pl\/bke100\/wp-json\/wp\/v2\/media?parent=54"}],"curies":[{"name":"wp","href":"https:\/\/api.w.org\/{rel}","templated":true}]}}