{"id":43,"date":"2022-01-21T14:25:41","date_gmt":"2022-01-21T13:25:41","guid":{"rendered":"http:\/\/www.ee.pw.edu.pl\/bke100\/?page_id=43"},"modified":"2022-06-05T12:35:53","modified_gmt":"2022-06-05T10:35:53","slug":"komitet-organizacyjny","status":"publish","type":"page","link":"https:\/\/www.ee.pw.edu.pl\/bke100\/komitet-organizacyjny\/","title":{"rendered":"Komitet organizacyjny"},"content":{"rendered":"\r\n<p><strong>Przewodnicz\u0105cy:<\/strong><\/p>\r\n\r\n\r\n\r\n<p style=\"margin-left: 2em;\">prof. dr hab. in\u017c. Lech Grzesiak, Dziekan WE PW<\/p>\r\n\r\n\r\n\r\n<p><strong>Sekretarz naukowy:<\/strong><\/p>\r\n\r\n\r\n\r\n<p style=\"margin-left: 2em;\">dr hab. in\u017c. Marcin Weso\u0142owski<\/p>\r\n\r\n\r\n\r\n<p><strong>Cz\u0142onkowie<\/strong>:<\/p>\r\n\r\n\r\n\r\n\r\n\r\n<p style=\"margin-left: 2em;\">dr in\u017c. Zuzanna Krawczyk<\/p>\r\n\r\n\r\n\r\n<p style=\"margin-left: 2em;\">dr in\u017c. Karol Kurek<\/p>\r\n\r\n\r\n\r\n<p style=\"margin-left: 2em;\">mgr Kamila Nowak<\/p>\r\n\r\n\r\n\r\n<p style=\"margin-left: 2em;\">Katarzyna Szmur\u0142o<\/p>\r\n\r\n\r\n\r\n<p style=\"margin-left: 2em;\">Agnieszka Walczuk \u2013 Sekretariat BKE 100<\/p>\r\n","protected":false},"excerpt":{"rendered":"<p>Przewodnicz\u0105cy: prof. dr hab. in\u017c. Lech Grzesiak, Dziekan WE PW Sekretarz naukowy: dr hab. in\u017c. Marcin Weso\u0142owski Cz\u0142onkowie: dr in\u017c.&hellip;<\/p>\n","protected":false},"author":15,"featured_media":0,"parent":0,"menu_order":0,"comment_status":"closed","ping_status":"closed","template":"","meta":{"inline_featured_image":false,"_monsterinsights_skip_tracking":false,"_monsterinsights_sitenote_active":false,"_monsterinsights_sitenote_note":"","_monsterinsights_sitenote_category":0,"ngg_post_thumbnail":0,"footnotes":""},"class_list":["post-43","page","type-page","status-publish","hentry"],"_links":{"self":[{"href":"https:\/\/www.ee.pw.edu.pl\/bke100\/wp-json\/wp\/v2\/pages\/43","targetHints":{"allow":["GET"]}}],"collection":[{"href":"https:\/\/www.ee.pw.edu.pl\/bke100\/wp-json\/wp\/v2\/pages"}],"about":[{"href":"https:\/\/www.ee.pw.edu.pl\/bke100\/wp-json\/wp\/v2\/types\/page"}],"author":[{"embeddable":true,"href":"https:\/\/www.ee.pw.edu.pl\/bke100\/wp-json\/wp\/v2\/users\/15"}],"replies":[{"embeddable":true,"href":"https:\/\/www.ee.pw.edu.pl\/bke100\/wp-json\/wp\/v2\/comments?post=43"}],"version-history":[{"count":4,"href":"https:\/\/www.ee.pw.edu.pl\/bke100\/wp-json\/wp\/v2\/pages\/43\/revisions"}],"predecessor-version":[{"id":237,"href":"https:\/\/www.ee.pw.edu.pl\/bke100\/wp-json\/wp\/v2\/pages\/43\/revisions\/237"}],"wp:attachment":[{"href":"https:\/\/www.ee.pw.edu.pl\/bke100\/wp-json\/wp\/v2\/media?parent=43"}],"curies":[{"name":"wp","href":"https:\/\/api.w.org\/{rel}","templated":true}]}}